{"id":12,"date":"2015-06-15T15:32:18","date_gmt":"2015-06-15T13:32:18","guid":{"rendered":"http:\/\/shop.weingut-pfeiffer.de\/?page_id=12"},"modified":"2015-07-08T13:29:39","modified_gmt":"2015-07-08T11:29:39","slug":"lieferung-und-zahlung","status":"publish","type":"page","link":"https:\/\/shop.weingut-pfeiffer.de\/?page_id=12","title":{"rendered":"Lieferung und Zahlung"},"content":{"rendered":"<p><!-- IBGHTML --><BR><br \/>\n<P>Lieferbedingungen<\/P><BR><br \/>\n<P>1 Wir liefern ausschlie\u00dflich innerhalb Deutschlands.<\/P><BR><br \/>\n<P>2 Die Ware wird, sofern nicht beim Angebot anders angegeben, innerhalb von 2 Werktagen nach Zahlungseingang in den Versand gebracht. Bei Lieferung auf Rechnung wird die Ware innerhalb von 2 Werktagen nach Zustellung der Auftragsbest\u00e4tigung in den Versand gebracht.<\/P><BR><br \/>\n<P><BR>Zahlungsbedingungen<\/P><BR><br \/>\n<P>Die Zahlung erfolgt wahlweise per Vorkasse durch Vorab-\u00dcberweisung oder per Rechnung. Wir behalten uns vor, Neukunden nur gegen Vorkasse zu beliefern. Bei Wahl der Zahlungsart Vorkasse nennen wir Ihnen unsere Bankverbindung in der Auftragsbest\u00e4tigung. Der Rechnungsbetrag ist binnen 10 Tagen auf unser Konto zu \u00fcberweisen. Bei Zahlung per Rechnung ist der Rechnungsbetrag binnen 10 Tagen nach Rechnungsdatum an uns zu \u00fcberweisen<\/P><\/p>\n","protected":false},"excerpt":{"rendered":"<p>Lieferbedingungen 1 Wir liefern ausschlie\u00dflich innerhalb Deutschlands. 2 Die Ware wird, sofern nicht beim Angebot anders angegeben, innerhalb von 2 Werktagen nach Zahlungseingang in den Versand gebracht. Bei Lieferung auf Rechnung wird die Ware innerhalb von 2 Werktagen nach Zustellung der Auftragsbest\u00e4tigung in den Versand gebracht. Zahlungsbedingungen Die Zahlung erfolgt wahlweise per Vorkasse durch Vorab-\u00dcberweisung [&hellip;]<\/p>\n","protected":false},"author":1,"featured_media":0,"parent":0,"menu_order":0,"comment_status":"closed","ping_status":"closed","template":"","meta":{"footnotes":""},"class_list":["post-12","page","type-page","status-publish","hentry"],"_links":{"self":[{"href":"https:\/\/shop.weingut-pfeiffer.de\/index.php?rest_route=\/wp\/v2\/pages\/12","targetHints":{"allow":["GET"]}}],"collection":[{"href":"https:\/\/shop.weingut-pfeiffer.de\/index.php?rest_route=\/wp\/v2\/pages"}],"about":[{"href":"https:\/\/shop.weingut-pfeiffer.de\/index.php?rest_route=\/wp\/v2\/types\/page"}],"author":[{"embeddable":true,"href":"https:\/\/shop.weingut-pfeiffer.de\/index.php?rest_route=\/wp\/v2\/users\/1"}],"replies":[{"embeddable":true,"href":"https:\/\/shop.weingut-pfeiffer.de\/index.php?rest_route=%2Fwp%2Fv2%2Fcomments&post=12"}],"version-history":[{"count":2,"href":"https:\/\/shop.weingut-pfeiffer.de\/index.php?rest_route=\/wp\/v2\/pages\/12\/revisions"}],"predecessor-version":[{"id":139,"href":"https:\/\/shop.weingut-pfeiffer.de\/index.php?rest_route=\/wp\/v2\/pages\/12\/revisions\/139"}],"wp:attachment":[{"href":"https:\/\/shop.weingut-pfeiffer.de\/index.php?rest_route=%2Fwp%2Fv2%2Fmedia&parent=12"}],"curies":[{"name":"wp","href":"https:\/\/api.w.org\/{rel}","templated":true}]}}